 = -u - 2*i + 4*i + 4. Let d be (-27)/(-2) - (-2)/u. Calculate the greatest common factor of d and k.
14
Let r = 48 - 28. Suppose r = 3*d - 16. Calculate the greatest common factor of 12 and d.
12
Suppose -r - k = -3, -244*r + 3*k = -248*r + 16. Calculate the greatest common divisor of r and 1190.
7
Let s be 2/(-14) - (144/(-28) - -1). Suppose 0 = s*r + 3*z - 86, -r + 98 = 3*r - 3*z. What is the greatest common factor of r and 138?
23
Let o be ((-393)/(-9))/((-2)/6). Let t = o + 241. Suppose -5 = -r - 0, 2*r = -5*j + 120. Calculate the highest common factor of j and t.
22
Let v(w) = w**2 - 19*w - 177. Let i be v(-8). What is the highest common factor of i and 5694?
39
Let j be (4 - 2) + 0 + 2. Suppose -j*k + k + 36 = 0. Let h(f) = 12*f. Let c be h(4). Calculate the highest common factor of c and k.
12
Let o(y) = -y**3 + 63*y**2 + 333*y - 2. Let a be o(-5). Let z be 9/2*(0 + 22). What is the greatest common divisor of z and a?
33
Let o(j) = j**2 - 24*j - 129. Let x be o(-5). What is the highest common factor of 92 and x?
4
Let v be (-2)/(3*(-3)/(-9)). Let f be (v + 1)/1*-2. Suppose -y + 3*a + 24 = 4*y, 4*y = -f*a + 6. Calculate the highest common divisor of y and 3.
3
Suppose 4*h + 10 + 2 = 3*k, h - k + 4 = 0. Suppose 3*q - 2 - 4 = h. Suppose f = q*t + 26, t = 2*f + 2*t - 62. What is the greatest common factor of 75 and f?
15
Let u = -80 + 80. Suppose u = -4*s - 0*s + 44. Calculate the highest common divisor of 22 and s.
11
Let f(n) = -n - 1. Let c(s) = -25*s - 5. Let r(b) = c(b) - 4*f(b). Let z be r(-1). Calculate the greatest common factor of z and 4.
4
Let u(h) = h - 17. Let t be u(8). Let n = -20 - t. Let s = n + 15. What is the greatest common factor of 4 and s?
4
Let g(r) = -76*r + 20. Let x be g(-25). Suppose 5*s - 3*t = x, -5*t = -3*s + 1508 - 372. What is the greatest common factor of 43 and s?
43
Let s(t) = -t + 1. Let h be s(6). Let k = -4 - h. Suppose 2*j = 4*v + 38, -j + v = -4*v - 34. Calculate the greatest common divisor of k and j.
1
Suppose h + 12 - 60 = -2*z, -5*h = -2*z - 192. Let n be (-5 - (0 + -1)) + 14. Calculate the highest common divisor of n and h.
10
Let d be 1 + 2 + 0/(-3). Let a = 13 + d. Calculate the highest common divisor of a and 24.
8
Let z be 72/(161/14 + -10). What is the greatest common factor of 688 and z?
16
Let y be (92/3)/((-27)/(-162)). Calculate the highest common factor of 460 and y.
92
Let m(d) = 5*d**2 - 7*d - 2. Let c be m(-2). What is the highest common divisor of 2 and c?
2
Let f be -2*54/4*-3. What is the greatest common divisor of f and 648?
81
Suppose 7*t - 247 = -12*t. What is the greatest common divisor of t and 65?
13
Suppose 0 = 3*w - 3*u - 48 - 15, 2*w + 2*u - 46 = 0. Let l = 16 - w. Let v be (-45)/10*32/l. Calculate the greatest common factor of 120 and v.
24
Let k = 4 + -2. Suppose k = -2*q, 2*j - 5*q - 305 = -j. Let t(y) = -y**3 - y**2 - 4*y - 10. Let w be t(-3). What is the greatest common divisor of j and w?
20
Let b = 3 - 11. Let w be (4/b)/((-2)/216). Calculate the highest common factor of w and 6.
6
Let l = -118 + 182. What is the greatest common factor of l and 4?
4
Suppose -6*g - 63 + 291 = 0. Calculate the highest common divisor of 152 and g.
38
Let d be 8 - ((-1 - -12) + -1390). What is the highest common divisor of d and 19?
19
Let s(c) = c**3 - 8*c**2 - 2*c + 22. Let u be s(12). Calculate the greatest common factor of 41 and u.
41
Let q be (-7774)/(-286) - 2/11. Suppose 3*n - 378 = n. What is the highest common divisor of q and n?
27
Suppose -x + 4 = -2*x + 5*l, -5 = -x + 2*l. Let p(k) = k - 8. Let n be p(10). Suppose 20 + n = i. Calculate the greatest common divisor of x and i.
11
Let y = 10 - 10. Suppose y = -4*x + 9*x - 990. What is the greatest common factor of 22 and x?
22
Suppose -815 = -9*i + 310. Let p = -97 + 28. Let b = p + i. What is the greatest common divisor of b and 8?
8
Suppose 4*m - x - 1307 = 0, 463 - 1432 = -3*m + 3*x. What is the greatest common divisor of 82 and m?
82
Suppose -3*o = 4*f - 145, -120 + 345 = 5*f - 5*o. What is the highest common divisor of 240 and f?
40
Let p be 3/(-3) - 45/9. Let d be 432/p*4/(-8). What is the greatest common divisor of 288 and d?
36
Let g(n) = -n**3 + 6*n**2 - 4*n - 1. Let d be g(5). Suppose -f - 3 = -m - d, -3*f - 2*m + 18 = 0. Calculate the highest common factor of f and 4.
4
Let m be -9*(-80)/24*1. Calculate the greatest common factor of 110 and m.
10
Let f(l) = 5*l**2 - 11*l - 2. Let c be f(11). Let p be c/6 + (-2)/6. What is the greatest common divisor of p and 20?
20
Suppose 5*k - 15 = 0, -2*v - 218 = -3*k - 897. Calculate the greatest common divisor of v and 43.
43
Let x = 779 + -716. Calculate the highest common factor of x and 9.
9
Let k = -310 + 1184. Let s = -555 + k. What is the greatest common factor of 29 and s?
29
Let g(m) = -m**3 + 23*m**2 + 52*m + 22. Let x be g(25). Calculate the greatest common factor of 18 and x.
18
Let b be (-7)/(((-63)/(-12))/(-21)). Calculate the highest common divisor of 1512 and b.
28
Suppose 0 = 63*x - 8550 - 3546. Calculate the highest common divisor of x and 272.
16
Let m = 397 - 107. Calculate the highest common factor of 116 and m.
58
Suppose -2*x = n - 29, -8*x + 9*x - 19 = n. Suppose -3*w + 8 = w. Calculate the greatest common factor of x and w.
2
Let n be 13 + -6 + (-16 - -29). Calculate the greatest common divisor of 15 and n.
5
Let l(u) be the third derivative of -u**6/120 + 11*u**5/60 + 13*u**4/24 + u**3/3 - 8*u**2. Let j be l(12). What is the highest common divisor of 7 and j?
7
Let w = 33 + -29. Let g be 63 + 0/(-1 - w). What is the highest common divisor of g and 9?
9
Suppose 2*u - k + 2*k = 16, 5*u + 2*k = 40. Let a = 17 - u. Let d = 98 - 97. What is the highest common divisor of d and a?
1
Suppose -2*j = -4*g - 0*j + 2960, -5*g + 3709 = 2*j. What is the highest common divisor of g and 39?
39
Suppose -4*l - l + 45 = 3*t, 5*l - 50 = -4*t. What is the highest common factor of 1158 and l?
6
Let x be (-785)/(-15) + (17/3 - 6). Suppose -2*l + z + 4*z = -285, -2*z = -l + 140. What is the greatest common divisor of l and x?
26
Let k(c) = -c**3 - 16*c**2 - 20. Let u be k(-16). Let a(w) = -8*w + 49. Let r be a(u). Calculate the greatest common factor of r and 19.
19
Let j(y) = -2*y**2 - 40*y - 17. Let d be j(-19). What is the highest common factor of 12 and d?
3
Let g = 23 - -1. Suppose 36*p = 40*p - g. Calculate the greatest common divisor of 6 and p.
6
Let t = -99 + 192. Let s = t + -71. Calculate the greatest common factor of 22 and s.
22
Let h(y) be the second derivative of -y**4/12 - y**3 - 3*y**2/2 - 3*y. Let l be h(-12). Let r = l - -165. What is the highest common factor of 36 and r?
18
Suppose -32*c + 2851 = -2077. Let a = 13 - -1. What is the highest common factor of a and c?
14
Let p be (-6)/((-3)/(-153)*(-15 - -13)). What is the greatest common factor of 27 and p?
9
Let u be (-6)/(-5)*(17 + -7). What is the greatest common factor of 284 and u?
4
Let a be ((-5)/2)/(4/(-96)). Suppose 3*g - a = -0*g. Suppose 5*o = j - 120, 4*o = 2*j - 6*j + 384. Calculate the greatest common divisor of g and j.
20
Let y(p) = -p**2 - 4*p + 7. Let j be y(-5). Let k be (-12)/(-8)*(2 - 0). Let l be (-25)/(-4) - k/12. What is the greatest common factor of j and l?
2
Suppose -2*m = 2*k + 98, 5*k = 4*m + 151 + 36. Let a = m - -72. Calculate the greatest common divisor of a and 168.
24
Let h be 9*(1380/54 + -8). What is the highest common factor of 79 and h?
79
Let p be (-1)/(-2) - (-90)/(-36). Let j be (-294)/(-28)*p/(-3). Calculate the greatest common factor of j and 42.
7
Let g = 26 + -22. Suppose d = -l - 4*d + 57, l = -g*d + 61. Calculate the highest common factor of l and 11.
11
Let x(h) = 24*h**2 - h + 2. Let w be x(1). Suppose 4*d + 9 = w. Calculate the highest common divisor of 6 and d.
2
Let a(t) = -15*t + 3. Let g be a(-1). Let x be 11/((-22)/(-60)) - 3. Calculate the greatest common factor of x and g.
9
Suppose 4*p + 108 = 4*r, 3*p = -r + p + 21. Suppose 3*g = 3*u - 312, -u + 2*g = 185 - 293. What is the greatest common divisor of r and u?
25
Let f be 84*(31 + (-9)/1). What is the greatest common factor of 84 and f?
84
Let u(l) = l**2 + 4*l - 8. Let t be u(-6). Suppose -j + 605 = -0*a + 3*a, 0 = -3*j + t*a + 1750. What is the highest common divisor of 59 and j?
59
Suppose 